e v*k = 9*k + 4592. Is k a composite number?
True
Let x(i) = -4*i**3 - 9*i**2 + 12*i + 14. Let s be x(-7). Suppose 6*q - s = 3*q. Is q prime?
False
Let r(l) = -l**3 - l**2 + l - 34. Let i be r(0). Suppose 0 = 2*x - 5*g + 11, -3*g + 26 + 4 = -3*x. Let q = x - i. Is q a composite number?
True
Is 1*((-4 - 5) + 41788) composite?
True
Let c be (-12)/(-48) + 110/8. Is 4/20*4010/4*c prime?
False
Let b = 5437 - -13306. Is b prime?
True
Suppose -3*b + 9903 = -1926. Is b a prime number?
True
Let a(k) = k**2 + 8*k + 7. Let r be a(-6). Let o(z) = -z**2 - 7*z - 7. Let p be o(r). Suppose -31 = -p*f - 4*s, 0 = 3*f + 2*f + s - 46. Is f composite?
True
Let r = 4121 - 2142. Is r prime?
True
Let t be (34/51)/((-1)/(-3)). Suppose -3*v + t*s = -1347, 4*s = -5*v + 3*v + 882. Is v a composite number?
True
Suppose m = 3*k - 5, 3*k + 2*m + 1 + 0 = 0. Let j be (1/(-2))/(3/(-216)). Is j + -4*k/(-4) a prime number?
True
Suppose 3*w - 2640 = -3*m, 6*w - 4394 = -5*m + 3*w. Is m a composite number?
False
Let s = -5396 + 7947. Is s composite?
False
Is (3001337/318)/(3/18) a prime number?
True
Let m = 37897 + -11138. Is m a composite number?
False
Is (23230/20)/((-5 + 1)/(-8)) composite?
True
Is (1/(-2))/((-9)/4878) a composite number?
False
Let a(g) = g**3 - g**2 - 14*g. Let i be a(4). Is (-36704)/i*(-2)/(-8) composite?
True
Let b be ((-2)/(-4))/((-3)/(-36)). Let j be (1 - 4)/(b/(-4)). Suppose 0 = j*y + 14 - 88. Is y prime?
True
Let d be (36 + -12)*5/2. Is 6/d + 15156/40 a prime number?
True
Suppose 9*k = 4*k - 10. Let g be -13 - -4 - 0/k. Let x(z) = -z**2 - 13*z - 5. Is x(g) a composite number?
False
Is 3085/10*((-50)/(-2) - -1) a composite number?
True
Let v(s) = 1 - 9*s + 6*s - 878*s**3 + 0 - 3*s**2 + 2*s. Is v(-1) a composite number?
False
Let v(a) be the second derivative of -327*a**5/20 - a**4/12 + 5*a. Let y be v(1). Let g = -213 - y. Is g composite?
True
Suppose 0*a + a = 3. Suppose -4*u - a*c = -3121, 3*c = -5*u - c + 3901. Is u a prime number?
False
Suppose -4*d = -2*j - 25368, 9*j + 4 = 11*j. Is d prime?
True
Let o = -52 - 742. Is 7*(13/26)/((-1)/o) prime?
False
Suppose -17 - 8 = -5*o. Suppose 0 = c + 1, o*x + 0*c - 2422 = -3*c. Is x prime?
False
Suppose -c = -4*g + 2, 4*c = -4*g + 3 - 11. Let n be -1 + -2*5/c. Suppose n*t + 333 - 1157 = 5*a, -4*a = -4*t + 828. Is t a composite number?
False
Let j(t) = 2769*t - 233. Is j(6) composite?
False
Let n = 707 + 1452. Is n prime?
False
Suppose -5 = -4*f + 3. Let j(q) = 3 - 7 + 117*q**f - 3*q + 35*q**2. Is j(3) a prime number?
False
Suppose -j = j - 2638. Suppose 5*p = 4*q - 2368, -2*q - 2*p = 153 - j. Is q a composite number?
False
Let h be 3/(-2)*(-2)/(-3). Let b be (-1)/h - (-22)/(-2). Is (-5)/b - 1287/(-6) a prime number?
False
Let z = 1387 - 596. Is z*-5*1/(-5) composite?
True
Suppose 0 = 4*n - 2*n - 8. Suppose -l + n = l. Suppose l*k = -2*k + 580. Is k a composite number?
True
Let h be (-120)/(-54) + 2/(-9). Suppose h*o - 4*m = -128, 0 = 2*o - 3*o + 5*m - 49. Let f = -36 - o. Is f prime?
False
Suppose 3*c - 9 = 0, 5*c = 4*d + 2*c - 3. Let y(a) = 24*a**2 - 47*a + 14. Let g be y(-6). Suppose -g = -4*m + 5*t, -d*t + 8*t = -4*m + 1200. Is m prime?
False
Let w(r) = -413*r. Let u be w(-4). Suppose -4*f - 3*o = -1666, 3*f - u = -f + 4*o. Is f a composite number?
True
Let m be 805 - (35/(-7))/1. Let r(i) = -437*i**2 + i + 1. Let d be r(-1). Let w = m + d. Is w a prime number?
True
Suppose -193 = -3*y + 1433. Suppose g + 544 = 5*g - 4*h, -4*g + 2*h + y = 0. Let d = g + 554. Is d prime?
False
Let y(j) = -j**2 - 5*j - 1. Let a be y(-4). Suppose 3*p - w = -6*w + 1571, 3*p = -a*w + 1581. Suppose 2*s - p = -2*s. Is s a prime number?
False
Suppose -9*o + 4687 = -7580. Is o a composite number?
True
Suppose w - 4*b - 491 = 0, -3*w + 1106 = -2*b - 367. Suppose -w - 6625 = 4*r. Is r/(-21) - (-6)/21 composite?
True
Is (-97262)/(-14) - 54/189 a prime number?
True
Suppose -13*b = -28 - 63. Suppose -b*c + 4045 = 944. Is c a prime number?
True
Let i = -17 + 15. Let g be ((-5)/4)/(i/472). Suppose -5*r = -75 - g. Is r a prime number?
False
Let v = -6448 - -13179. Is v composite?
True
Let b be -1*(-5 + 9)*(-5)/4. Suppose b*r - 1953 = 3802. Is r prime?
True
Is -1939*(1 + 1)/(3 + -5) prime?
False
Is -263*(50 - -2)/(-4) composite?
True
Suppose 0*c + c = 4. Let r(f) = -f**3 + 3*f**2 + 3*f + 9. Let x be r(c). Suppose 0 = 2*h + x*t + 254 - 2202, -3*t = 2*h - 1952. Is h composite?
True
Let f(x) = x**3 + 18*x**2 + 12*x + 9. Suppose -3*w + 10 = 28. Let t be (0 - -2)*(2 + w). Is f(t) composite?
True
Let q be 3458/10 + (-8)/(-40). Let t = q - 237. Is t composite?
False
Let c = -797 - -6004. Is c a prime number?
False
Suppose 0 = 3*b - v + 287, 5*b + 356 = -2*v - 104. Is b/(-3)*(-987)/(-14) composite?
True
Let a be (-51)/85 + (-18)/(-5). Let m = 12 - 6. Is (5 - m/a) + 66 prime?
False
Suppose 311 = -5*r + 4*r. Let j = 68 - r. Is j composite?
False
Suppose 0 = -s + 4*w + 41733, 21*w + 83453 = 2*s + 26*w. Is s a composite number?
False
Let u be 3/(2/(-3) + 1). Suppose 0 = 2*a - 3*a + u. Let c(f) = 26*f + 17. Is c(a) a prime number?
True
Is 1*((-4327)/(-5))/((-6)/(-30)) composite?
False
Let k be 139/(-3)*-6*(-30)/(-4). Suppose k = 3*d + 144. Is d a prime number?
True
Let v = -68 + 57. Let u(z) = -z**3 - 7*z**2 + 10*z + 8. Is u(v) composite?
True
Suppose 0*g + g - 449 = 0. Is g composite?
False
Let b(q) be the first derivative of 293*q**3/3 + 3*q**2/2 + 3*q + 1. Is b(-1) prime?
True
Let v = -4647 + 9320. Is v a composite number?
False
Suppose 4*k - 34674 = -2*k. Let i = k - 2544. Suppose 0*z - 5*z = -i. Is z composite?
False
Let p(h) = -2*h + 16. Let x be p(5). Is (x/(-24))/(4/(-21776)) prime?
True
Is ((-4)/(-6))/(3 + (-76180)/25395) a prime number?
False
Suppose 4*c - 7474 = 2*c - o, 3737 = c + o. Suppose -9*r - 18685 = -5*j - 5*r, 2*r + c = j. Is j a prime number?
False
Let n = -3568 - -16397. Is n a prime number?
True
Let l = 11010 - 3107. Is l a composite number?
True
Let y(h) = 2019*h**3 - 5*h**2 + 7*h - 4. Is y(1) a composite number?
False
Let g be 21/(-7) + 14/2. Suppose -4*x = -k - 17, -g*k + 5*x + 5 - 84 = 0. Is (k/9 + 2)*-369 composite?
True
Suppose 3*u + 5*y = 1115, u + 0*y - 377 = y. Suppose 3*o - 4*f = 393, 4*o - 2*f + u = 7*o. Is o prime?
True
Let a(z) = -93*z**3 + z**2 + 2*z + 2. Let n be a(-1). Suppose n = 4*m - 3*x - 1778, -1904 = -4*m - 5*x. Is m composite?
True
Suppose p + 70 = 1893. Is p a composite number?
False
Let m(f) = -192*f + 51. Let c(s) = s. Let x(o) = 2*c(o) + m(o). Is x(-13) a composite number?
False
Let s(t) = -2 - 22*t + 8*t**2 + 3 + t**3 + 2 - 4. Is s(-10) a composite number?
False
Let i = -2 + -8. Let u = i + 128. Is u a prime number?
False
Let y(m) = 85*m**2 - 18*m + 388. Is y(13) composite?
False
Suppose 7 = -4*b - 2*s + 45, -s - 31 = -3*b. Is b/(-105) + 44711/21 a prime number?
True
Suppose -7*u - 13063 + 42554 = 0. Is u composite?
True
Is (7/28)/(2/30088) composite?
False
Suppose -z + 1 = 8. Is (-2 - (z - -4))*469 a composite number?
True
Suppose -4*x + 5*g = 8, 5*x - 4*g = -0*g - 1. Suppose 257 = x*o - 787. Suppose -o = -2*z - 2*z. Is z a composite number?
True
Suppose -49*a + 15 = -54*a. Let o(b) = -266*b - 1. Is o(a) a prime number?
True
Suppose 39 = -b - 7. Let v = b - -6152. Is (-6)/27 + v/18 a composite number?
True
Let c = 38908 - -6079. Is c composite?
False
Suppose 20*g - 17*g = -6. Let t be (7 - 1) + (2 - 4). Is (t + -8 - -99) + g prime?
False
Let q(i) = -i**2 + 10*i + 3. Let h be q(5). Suppose 5*c - 548 = z - h, 5*z + 231 = 2*c. Is c a prime number?
True
Let h be (-5009)/(-5) + (-7)/(-35). Suppose -2*d - 4*q + h = -9*q, 4*d - 5*q = 1984. Is d a prime number?
True
Let y = 71 + -84. Let s = -5 + 5. Is s + -1 + 2 - y prime?
False
Let w(f) = -f**3 - 3*f**2 - 4*f + 1. Let y = -67 - -64. Is w(y) composite?
False
Let c(a) = -5*a - 28. Let k(g) = 16*g + 84. Let y(q) = 10*c(q) + 3*k(q). Let z be y(0). Let f = -21 - z. Is f composite?
False
Let f = -40 - -45. Suppose -f*x - 1467 = -8*x. Is x a prime number?
False
Suppose 4*n + 3*g - 34 = 0, -g + 49 = 4*n + 19. Suppose -n*x + 7209 = -13910. Is x prime?
False
Let c(b) = 217*b**2 - 11*b + 41. Is c(9) prime?
True
Let l(r) = -3*r + 11. Let j(g) = 3*g - 10. Let a(u) = 3*j(u) + 2*l(u). Let i be a(6). Suppose -i*p = -4*p - 474. Is p a prime number?
True
Let f(d) = -96*d + 6